lculate the remainder when 300 is divided by y.
96
Let j(m) = 9*m - 11. Calculate the remainder when 72 is divided by j(3).
8
Suppose 4*o + 3*m + 151 = 8*o, -40 = -o + 3*m. What is the remainder when o is divided by 24?
13
Let s(b) = b**3 - 6*b + 3. Let p = -150 - -159. What is the remainder when s(4) is divided by p?
7
Suppose -7*v - 337 + 750 = 0. Calculate the remainder when 65 is divided by v.
6
Let w(a) = -13*a + 10. What is the remainder when 113 is divided by w(-1)?
21
Suppose -o + 2*v + 18 = 0, -o + v + 7 = -6. Let f = o + 1. Let j(r) = r**3 - 10*r**2 + 11*r - 12. Calculate the remainder when 17 is divided by j(f).
5
Let s(j) = j**3 - 8*j**2 - j - 13. Suppose -q = -15 + 12. Suppose 0 = -9*u + q*u + 90. Calculate the remainder when s(9) is divided by u.
14
Let r = 41 - 28. Suppose -5*i = -2*l + 28, 2*i = 4*l - 101 + r. What is the remainder when l is divided by 13?
11
Suppose 19 = 2*z - t, -24 = -3*z + 4*t - t. Suppose 0 = b - 58*b + 1767. Calculate the remainder when b is divided by z.
9
Suppose 0 = 9*m - 6*m. Suppose 3*u - 139 = -5*v + u, m = -2*v + 5*u + 73. Calculate the remainder when 56 is divided by v.
27
Suppose 0 = -0*x + 3*x + 5*q - 221, -20 = -5*q. Calculate the remainder when 170 is divided by x.
36
Suppose -10 = 5*g - 55. Suppose -4*d = -5*d + g. Suppose -690 = -30*m + 30. What is the remainder when m is divided by d?
6
Let x(c) = -2*c**3 - 44*c**2 - c + 26. What is the remainder when 168 is divided by x(-22)?
24
Let b(k) = k**3 - k**2 + 2. Let l be b(0). Suppose -s - 3*g - 2*g = -68, 2*s - l*g - 124 = 0. What is the remainder when s is divided by 11?
8
Let r(s) = s**2 + 7*s + 5. Let i be r(-9). Suppose 0 = 2*u - 41 - i. Calculate the remainder when u is divided by 9.
5
Let b = -18 + 19. Let r be (0/b)/(2 - -2). Suppose 2*d - 28 = -4*t, 0*t - 4*t + 4*d + 16 = r. What is the remainder when 22 is divided by t?
4
Suppose -34*b + 4399 = -463. Calculate the remainder when b is divided by 21.
17
Suppose -5*y - 5*k + 4*k = -464, 2*k - 192 = -2*y. Calculate the remainder when 277 is divided by y.
1
Let s = -497 + 533. What is the remainder when 214 is divided by s?
34
Calculate the remainder when (-3820)/6*(116/(-10) - -8) is divided by 17.
14
Suppose -1 + 6 = b. Suppose b*r + 84 = 279. What is the remainder when 75 is divided by r?
36
Suppose 4*o - 11 = -t + 14, -5*o + 5*t = -25. Suppose -10 = -f + 2*r, 3*f - 3*r - 25 = 2. Suppose f = -3*i + 5*i. What is the remainder when o is divided by i?
2
Let c = 0 - -6. Suppose 4*m - 5*m = 5*t - 80, 0 = 2*m. Calculate the remainder when t is divided by c.
4
Suppose -33*i = -26*i - 203. What is the remainder when 84 is divided by i?
26
Suppose 0 = -2*t - 8, 3*t + 389 = 3*k + t. Calculate the remainder when k is divided by (1 - 34/(-14))/(66/616).
31
Let c(x) = -x**2 - 6*x - 2. Suppose 3*a + 2*n - 25 = 0, -a + 0*n = -n. Suppose -17 = -a*g + 13. Calculate the remainder when g is divided by c(-5).
0
Let v(f) = 3*f**2 + 4*f + 3. Let i = 39 + -42. Calculate the remainder when v(i) is divided by 6.
0
Suppose -46 = -5*a + 34. Suppose 2 = t + a. What is the remainder when 18 is divided by t/(-77) - (-216)/22?
8
Suppose 0 = 3*q - 4*s - 1613, -3*s - 1905 - 248 = -4*q. What is the remainder when q is divided by 54?
53
Suppose 6*z = 2*z + 220. Let t(l) = -l**3 - 17*l**2 - 15*l + 19. Let h be t(-16). What is the remainder when z is divided by 8 - -8 - h/(-1)?
17
Suppose -1762 = -5*l - 2. What is the remainder when l is divided by 107?
31
Let l = 9 - 6. Let k be -2 + (-18)/(-2) - l. What is the remainder when 37/k*(4 - 0) is divided by 13?
11
Let p(z) = z**2 - z - 2. Let c = -6 - -12. Let t be c/(-27) + (-114)/(-27). Calculate the remainder when 39 is divided by p(t).
9
Suppose 0 = -6*y - 203 + 1769. What is the remainder when y is divided by 66?
63
Suppose -3*z + 292 = -110. Let i = -86 + z. Calculate the remainder when i is divided by 26.
22
Let j(w) = w**2 - 2*w - 5. Let f be j(4). Let i = 8 - f. Suppose -2*h = -g + h + 32, i*h + 28 = g. What is the remainder when g is divided by 14?
10
Let s(u) be the first derivative of -3*u**2/2 + 6*u - 6. Let f be s(-3). Let z = 44 - f. What is the remainder when z is divided by 8?
5
What is the remainder when 5 + (0 + 123 - -3) + 0 is divided by 55?
21
Suppose -2*d = -t + 5, -8*d = -3*t - 9*d + 8. Suppose 1 = -3*x + 2*u - 2, 0 = -4*x - 3*u + 13. What is the remainder when t is divided by x?
0
Suppose 2*h + 44 = 2*m, -4*h - 16 - 12 = -m. Let c = m + -6. Calculate the remainder when c is divided by 3 + 2 - (2 - 2).
4
Let q = 42 - 42. What is the remainder when 43 is divided by (1 + q)/((-8)/(-88))?
10
Let z(f) = -55*f**3 - 4*f**2 + 7*f. Let n be z(3). Calculate the remainder when (-2)/3 - n/36 is divided by (-304)/(-14) - 2/(-7).
19
Let f be -2 + (0 - -1*1). Let b(o) = -1525 + 1528 - o**2 + 17*o**2 + 2*o. What is the remainder when b(f) is divided by 9?
8
Let r(z) = z**2 + 13*z. Let y be r(-13). Suppose y = -2*p + 35 - 5. Suppose -p*m = -19*m + 60. What is the remainder when m is divided by 4?
3
Let l = 119 + -90. Calculate the remainder when 55 is divided by l.
26
Let h(o) = 3*o**3 - 45*o**2 + 30*o - 58. Calculate the remainder when h(15) is divided by 33.
29
Let l = -120 - -124. What is the remainder when 19 is divided by 4/16*5*l?
4
Suppose -2*i = -i + 4, -20 = -4*x + 4*i. Suppose -4*z + x = -b, -b - 5*z + 74 = 30. Calculate the remainder when b is divided by 10.
9
Let u = -33 + 49. Let x = 74 - u. Let w(l) = 2*l**2 + 8*l - 4. What is the remainder when x is divided by w(-6)?
18
Suppose 0 = 16*s - 571 - 181. What is the remainder when 179 is divided by s?
38
Let a = 8 + -6. Suppose -3*v - 33 = a*g, 5*g - 3 = 3*v + 9. Calculate the remainder when 81 is divided by 84/v*(-1 - 2).
25
Let v(w) = w**3 - w**2 - 3*w + 3. Let q be v(4). Let k = 83 - q. Suppose k + 1 = 3*l. Calculate the remainder when 42 is divided by l.
12
Let q be (2 + -1)/(15/615). Suppose 0 = -3*z + q + 7. Calculate the remainder when 78 is divided by z.
14
Suppose 8*v = -13*v + 2310. What is the remainder when v is divided by 28?
26
Suppose 0 = k - 2*k + 8. Calculate the remainder when -1*(-3)/(-4) - (-3073)/28 is divided by k.
5
Let u(c) = -c**2 + 3*c + 4. Let k be u(3). Let m be 26/(-52) + 1*142/4. Suppose -w + m = k*w. Calculate the remainder when 33 is divided by w.
5
Let d(l) = -4*l + 8. Let p be d(-8). Suppose -5*u = 3*u - p. Suppose -4*j = 2*r - 44, 0 = -4*j - 3*r + 10 + 38. What is the remainder when j is divided by u?
4
Let n be (-3)/(-4)*(3 - -1). Let w(s) = 2*s - 1. Suppose 6*q = 7*q - 17. What is the remainder when q is divided by w(n)?
2
Let k(s) = -131*s + 724. Calculate the remainder when k(5) is divided by 42.
27
Let p(w) = -w**3 - 10*w**2 + 11*w. Let n be p(-11). Suppose 0 = -5*l - 2*u + 86, n = 5*l - 2*u + 4 - 98. Calculate the remainder when 71 is divided by l.
17
Suppose -48*q + 216 = -46*q - n, -q = 4*n - 126. What is the remainder when 2089 is divided by q?
109
Let h(w) = 113*w**2 - 2*w - 1. Let j be h(-1). Let t = j - 96. What is the remainder when t is divided by 6?
0
Suppose 3*k - 3*h - 80 = -2*k, -4*h = 4*k - 96. Let t = k - 28. What is the remainder when 100/8 - t/6 is divided by 4?
2
Let z(m) = m**2 + 44. Calculate the remainder when z(-8) is divided by 83.
25
Let r(a) = 16*a**2 + 8*a + 13. What is the remainder when 242 is divided by r(-2)?
59
Let s = 125 - 81. Let q(v) = -6*v - 8. Calculate the remainder when s is divided by q(-4).
12
Suppose 4*a - 20 = -4*y, 2*a + 0*a - 4*y + 8 = 0. Suppose a*f = -0*f + 6. Suppose f - 15 = -2*i. Calculate the remainder when 17 is divided by i.
5
Let g = 78 + -32. What is the remainder when 365 is divided by g?
43
Suppose -5*k + 2*a + 110 = -35, -5*k + 145 = a. What is the remainder when k is divided by 11?
7
Let l = -34 - -70. Let o = -31 + l. Calculate the remainder when 29 is divided by o.
4
Let p = -6 + 4. Let h = 20 + p. What is the remainder when 71 is divided by h?
17
Suppose 3*n - 406 = 2*v, 37*n - 39*n - 5*v + 258 = 0. What is the remainder when n is divided by 29?
18
Let c = 34 + -36. Calculate the remainder when c/(-6) - (-42)/9 is divided by 2.
1
Suppose -53*y + 44*y + 3384 = 0. Calculate the remainder when y is divided by 77.
68
Suppose 100*x = 28*x + 720. Let w = -2 + 0. Calculate the remainder when -1 + (1 - (w + -36))